325755477.
3, 179, 229, 883
What are the prime factors of 14638797?
3, 19, 85607
List the prime factors of 18434925.
3, 5, 31, 881
List the prime factors of 1390165922.
2, 17, 31, 1318943
What are the prime factors of 2278544968?
2, 7, 379, 107357
List the prime factors of 84855842.
2, 42427921
What are the prime factors of 32535790?
2, 5, 7, 17, 19, 1439
What are the prime factors of 555507445?
5, 31, 3583919
List the prime factors of 136757297.
136757297
List the prime factors of 14948646.
2, 3, 337, 7393
What are the prime factors of 392871471?
3, 41, 71, 44987
List the prime factors of 3577744485.
3, 5, 7, 211, 5981
List the prime factors of 571443880.
2, 5, 7, 53, 5501
What are the prime factors of 118234271?
118234271
List the prime factors of 86706078.
2, 3, 523, 27631
What are the prime factors of 52327355?
5, 71, 147401
What are the prime factors of 160993744?
2, 23, 827
What are the prime factors of 347374711?
347374711
What are the prime factors of 2380897?
2380897
List the prime factors of 206200299.
3, 68733433
What are the prime factors of 190752317?
7, 23, 1184797
List the prime factors of 1076392300.
2, 5, 73, 147451
What are the prime factors of 3690518783?
7, 31, 17006999
What are the prime factors of 35826378?
2, 3, 7, 17, 50177
List the prime factors of 59954386.
2, 19, 83, 19009
List the prime factors of 43446436.
2, 11, 37, 26687
What are the prime factors of 94919673?
3, 127, 249133
What are the prime factors of 1559738?
2, 779869
List the prime factors of 109297610.
2, 5, 23, 475207
List the prime factors of 667572388.
2, 7, 17, 71, 19753
List the prime factors of 2308699933.
197, 11719289
List the prime factors of 52565186.
2, 701, 37493
What are the prime factors of 122820026?
2, 7, 8772859
List the prime factors of 109092684.
2, 3, 9091057
What are the prime factors of 225136243?
71, 3170933
What are the prime factors of 3655420249?
13, 281186173
List the prime factors of 441767931.
3, 11, 13386907
What are the prime factors of 3435676337?
3435676337
What are the prime factors of 1498585683?
3, 7, 17, 73, 57503
What are the prime factors of 132440626?
2, 479, 138247
List the prime factors of 52733110.
2, 5, 101, 109, 479
List the prime factors of 37423618.
2, 53, 353053
What are the prime factors of 1036511485?
5, 1999, 103703
List the prime factors of 700163486.
2, 11, 31825613
What are the prime factors of 59766516?
2, 3, 47, 35323
What are the prime factors of 936872028?
2, 3, 29, 89, 3361
What are the prime factors of 209143349?
97, 2156117
What are the prime factors of 322474653?
3, 73, 490829
What are the prime factors of 949698997?
13, 53, 1378373
List the prime factors of 19408326.
2, 3, 7, 462103
List the prime factors of 3916829496.
2, 3, 163201229
List the prime factors of 4592845472.
2, 1039, 138139
List the prime factors of 707388510.
2, 3, 5, 23579617
What are the prime factors of 22548507?
3, 167, 45007
List the prime factors of 44758965.
3, 5, 19, 157049
List the prime factors of 307010336.
2, 9594073
What are the prime factors of 1277642667?
3, 7, 17, 149, 24019
What are the prime factors of 27932515?
5, 13, 429731
List the prime factors of 5666783331.
3, 11, 8689, 19763
List the prime factors of 830423273.
79, 2591, 4057
List the prime factors of 108508886.
2, 19, 2855497
What are the prime factors of 30949060?
2, 5, 1547453
What are the prime factors of 74120455?
5, 131, 113161
List the prime factors of 317421655.
5, 2213, 28687
What are the prime factors of 305626698?
2, 3, 13, 100469
List the prime factors of 104029185.
3, 5, 13, 151, 3533
What are the prime factors of 287841289?
12157, 23677
List the prime factors of 23198516.
2, 11, 439, 1201
List the prime factors of 41410404.
2, 3, 7, 101, 1627
List the prime factors of 716513789.
109, 6573521
List the prime factors of 2916069246.
2, 3, 11807, 13721
What are the prime factors of 166809458?
2, 109, 765181
List the prime factors of 2984971206.
2, 3, 7, 71070743
What are the prime factors of 227934210?
2, 3, 5, 7, 263, 4127
What are the prime factors of 4960227575?
5, 109, 1820267
List the prime factors of 53050748.
2, 37, 347, 1033
List the prime factors of 31937810.
2, 5, 643, 4967
List the prime factors of 134092294.
2, 7, 17, 563413
List the prime factors of 38933168.
2, 2433323
What are the prime factors of 55554976?
2, 31, 56003
What are the prime factors of 238917317?
373, 640529
What are the prime factors of 1449827501?
373, 3886937
What are the prime factors of 273891472?
2, 17118217
List the prime factors of 249688539.
3, 31, 193, 4637
List the prime factors of 3449799438.
2, 3, 9341, 61553
What are the prime factors of 85814094?
2, 3, 14302349
List the prime factors of 287117225.
5, 37, 310397
List the prime factors of 53170595.
5, 23, 401, 1153
List the prime factors of 5476146945.
3, 5, 365076463
What are the prime factors of 21133925?
5, 845357
List the prime factors of 1147786440.
2, 3, 5, 193, 49559
List the prime factors of 95370586.
2, 47685293
What are the prime factors of 30862989?
3, 29, 118249
List the prime factors of 279219.
3, 163, 571
What are the prime factors of 1508607703?
241, 6259783
What are the prime factors of 13852446?
2, 3, 2308741
What are the prime factors of 357498308?
2, 61, 257, 5701
List the prime factors of 52948148.
2, 11, 109397
List the prime factors of 386308774.
2, 193154387
What are the prime factors of 130658266?
2, 7529, 8677
What are the prime factors of 4206830816?
2, 131463463
What are the prime factors of 580574832?
2, 3, 23, 47, 67, 167
What are the prime factors of 35755185?
3, 5, 2383679
What are the prime factors of 6493475929?
19, 193, 1770787
List the prime factors of 1760497000.
2, 5, 37, 47581
What are the prime factors of 187556657?
19, 9871403
List the prime factors of 5777193584.
2, 109, 227, 14593
What are the prime factors of 374326250?
2, 5, 347, 863
What are the prime factors of 1522471919?
19, 563, 142327
List the prime factors of 32606913.
3, 10868971
What are the prime factors of 532703919?
3, 11, 16142543
List the prime factors of 87387662.
2, 43693831
What are the prime factors of 941880094?
2, 47, 991, 10111
List the prime factors of 85186639.
251, 339389
List the prime factors of 1219048.
2, 152381
What are the prime factors of 103301625?
3, 5, 7, 23, 29, 59
List the prime factors of 660905042.
2, 7, 6743929
List the prime factors of 332031541.
101, 3287441
List the prime factors of 64139088.
2, 3, 13, 23, 41, 109
What are the prime factors of 1566308870?
2, 5, 7, 191, 193, 607
List the prime factors of 562885538.
2, 17, 31, 534047
What are the prime factors of 384131436?
2, 3, 13, 19, 359
List the prime factors of 6451024029.
3, 2150341343
What are the prime factors of 2235073085?
5, 7, 63859231
What are the prime factors of 178436781?
3, 19826309
List the prime factors of 4522808310.
2, 3, 5, 1823, 82699
What are the prime factors of 60038611?
17, 3531683
List the prime factors of 67729207.
7, 13, 17, 43781
List the prime factors of 99228216.
2, 3, 4134509
What are the prime factors of 587491906?
2, 109, 587, 4591
List the prime factors of 3762205059.
3, 23, 41, 1329871
List the prime factors of 95969632.
2, 11, 103, 2647
What are the prime factors of 1356334142?
2, 678167071
What are the prime factors of 225205105?
5, 45041021
List the prime factors of 34757642.
2, 1709, 10169
What are the prime factors of 294839541?
3, 10919983
List the prime factors of 3779107.
23, 164309
List the prime factors of 484689488.
2, 23, 1317091
List the prime factors of 757064253.
3, 11, 19, 1207439
List the prime factors of 5026689465.
3, 5, 7, 43, 181, 6151
What are the prime factors of 36652377?
3, 12217459
What are the prime factors of 60173650?
2, 5, 41, 149, 197
What are the prime factors of 32095097?
23, 1395439
What are the prime factors of 33749307?
3, 67, 97, 577
List the prime factors of 105113093.
149, 197, 3581
List the prime factors of 2543186187.
3, 2683, 35107
What are the prime factors of 934893741?
3, 311631247
List the prime factors of 180403083.
3, 7, 37, 193, 401
List the prime factors of 269731954.
2, 134865977
What are the prime factors of 716498203?
14737, 48619
What are the prime factors of 92251990?
2, 5, 599, 15401
What are the prime factors of 77421124?
